1836. What is the greatest common divisor of t and h?
12
Let w be ((-164)/(-12))/((2/6)/(9 - -116)). What is the highest common divisor of w and 41?
41
Let o = 1076 - 980. Calculate the greatest common factor of 3072 and o.
96
Suppose -1244*i + 621*i = -632*i + 1053. Calculate the highest common factor of i and 4017.
39
Let a(d) = 2586*d + 5186. Let t be a(-2). What is the highest common factor of t and 16534?
14
Let b(i) = i**3 - 17*i**2 - 19*i + 31. Let r(n) = -2*n**2 + 23*n + 30. Let y be r(12). Let x be b(y). Calculate the greatest common divisor of 52 and x.
13
Let b = -158 + 222. Let a = b - 74. Let l be (-735)/a - 6/(-4). Calculate the highest common divisor of 25 and l.
25
Let p(f) = -58*f**3 - 3*f**2 - 3*f. Let s = -49 - -48. Let b be p(s). Calculate the highest common divisor of b and 58.
58
Let l = 30 - 26. Let y(c) be the first derivative of -c**3/3 - 5*c**2 + 16*c - 24. Let h be y(-10). What is the highest common divisor of l and h?
4
Let m be 6/81 + -22245*26/(-10530). Let g = 11 + 52. Let i = g - m. What is the highest common divisor of i and 24?
8
Let d = 3906 + -3605. What is the highest common divisor of d and 14?
7
Suppose -2*g - 2619 = -t, 3*g = 4*t - g - 10488. Calculate the highest common divisor of t and 315.
105
Let l(o) = -4*o + 82. Suppose -48*j + 54*j = 120. Let d be l(j). Calculate the greatest common divisor of d and 26.
2
Suppose -5*o - r + 164 = 0, 8*o - 7*o = 3*r + 52. What is the highest common divisor of o and 20?
2
Suppose n = -2*b + 267, -b + 5*n = -107 + 12. Let l = 58 + -6. Calculate the highest common divisor of l and b.
26
Suppose 4*w - 195 = -5*p, -p + 5*w = -63 - 34. Let m be 2/(-1) + (425 - 0). What is the greatest common factor of p and m?
47
Suppose -d + 2*d - p - 10 = 0, 5*p + 29 = 2*d. Suppose 237 + 65 = -5*h + a, -4*h + 3*a = 246. Let y = h - -116. Calculate the greatest common factor of y and d.
7
Let i = 2631 + -1078. Let d = i + -1003. What is the highest common divisor of d and 50?
50
Let n be -132*(6/(-16))/(794/(-100) - -8). What is the greatest common factor of 297 and n?
33
Suppose 4*j - 32 = 2*y, y - 2*j + 112 = -4*y. Let m = y + 46. What is the greatest common factor of 10 and m?
2
Suppose 22601 = 4*g + 22421. What is the greatest common factor of g and 153?
9
Let s(o) = 96*o**3 + 2*o + 2. Let z be s(-1). Let l = 97 + z. Let x be l/4 + ((-5466)/(-8))/3. What is the highest common divisor of 12 and x?
12
Let j(a) = -a**2 - 12*a + 9. Let y be j(-7). Suppose m - 110 = 3*g, 76*m - 73*m - 396 = 3*g. What is the greatest common factor of y and m?
11
Let j = 7878 - 7269. What is the greatest common factor of j and 14?
7
Let x = 80 - 76. Let w(q) = -q**2 + 12*q - 12. Let r be w(x). Suppose 0*c + 5*c + r = -5*s, 0 = 4*c + 20. What is the highest common factor of s and 9?
1
Let x be ((-50)/3)/((-26)/1989). Calculate the greatest common factor of x and 136.
17
Let y = 29418 + -29316. Suppose -4*x - 5*d + 16 = 0, -2*x - 13 = 3*x - 2*d. Let n be -1*(x - (-32)/(-2)). What is the greatest common divisor of n and y?
17
Let n(z) = z**3 - 27*z**2 + 50*z + 65. Let f be n(25). Calculate the highest common factor of 8970 and f.
65
Let z be (8/(-16))/((-165)/13200). Let q = -35 - -51. What is the highest common divisor of z and q?
8
Let i(v) = 16*v**2 - v + 2. Let x be i(2). Suppose -2*n + 14*k - 12*k + 64 = 0, -4*k = -2*n + 64. What is the greatest common divisor of x and n?
32
Suppose 367 = u - p, 5*u - 4131*p = -4136*p + 1765. What is the highest common factor of u and 3528?
72
Let h(j) = j + 120. Let d be h(6). Let t be ((-273)/d)/(2/(-8))*3. What is the greatest common divisor of 52 and t?
26
Let h be -4 + (-471572)/558*(-27)/6. Calculate the greatest common factor of h and 655.
131
Let q(m) = 3*m**2 + 45*m + 36. Let h be q(-17). Calculate the greatest common factor of 3680 and h.
46
Suppose 27*z = 25*z + 2376. Suppose 2*c = -3*y - y + 1192, 0 = -4*y - 3*c + z. What is the highest common divisor of 12 and y?
12
Let n = 5566 - 5532. Suppose -242 = -3*f + 2*f + 4*k, 2*k = -2. What is the highest common factor of f and n?
34
Let l(k) = k**3 - 13*k**2 - 11*k + 23. Let n be l(15). What is the highest common divisor of n and 98?
14
Let l be (5145/20)/((-4)/(-336)*3). What is the greatest common factor of 21 and l?
21
Suppose -1778*f = -1812*f + 5100. Calculate the highest common factor of f and 5475.
75
Suppose 0 = -2*x + 32 + 54. Let m = x - -33. Calculate the highest common factor of m and 95.
19
Suppose 200 + 25 = 3*d. Suppose -1018 = -40*w + 982. Calculate the highest common divisor of d and w.
25
Let y = -57 - -72. Suppose 3*q = -2*l + 96 - y, q + 53 = l. What is the highest common factor of l and 80?
16
Let m(v) = -2*v**3 - 15*v**2 + 7*v - 4. Let f be m(-8). Suppose 12 = t + f. Suppose -3*u = -t*u + 70. Calculate the highest common factor of u and 56.
14
Let d be ((-27)/18 + 19)*468/21. Calculate the greatest common factor of d and 3822.
78
Suppose -102*j + 103*j - 80 = 0. Suppose -468 + 2220 = 2*c + 2*x, 1780 = 2*c - 5*x. What is the greatest common factor of j and c?
80
Let n be (-3)/48 - 486/(-96). Suppose 921 = -n*a + 986. Let t(q) = q**3 + 8*q**2 + 6*q - 6. Let s be t(-5). Calculate the highest common factor of s and a.
13
Suppose -2*t + 3*t = -6. Let l be (-6)/((t/40)/(126/48)). Let n(f) = -15*f**3 - 2*f**2 + 2. Let p be n(-1). What is the highest common divisor of l and p?
15
Suppose -3*b = -3*x - 1689, 4*b + 43*x - 46*x - 2249 = 0. Suppose 0*l = -l + 20. Calculate the greatest common factor of b and l.
20
Let b(g) = 6*g**2 - 2*g + 7. Suppose 20 = f + 17. Let w be b(f). Calculate the highest common factor of w and 5.
5
Let q(s) = -2*s**3 - 178*s**2 - 218*s + 80. Let n be q(-88). What is the highest common factor of n and 1770?
118
Suppose -33*v - 27*v + 33350 = 85*v. What is the highest common divisor of 105 and v?
5
Let h = 401 - 383. Suppose -318 - 402 = -h*f. Let k = 10 - 5. What is the highest common factor of k and f?
5
Suppose t - 6*t - 5*p = 570, -4 = 2*p. Let k be (-12)/20 - t/(-5). Let l = 53 + k. What is the highest common factor of 75 and l?
15
Let x(k) = -118*k - 4453. Let g be x(-67). What is the greatest common factor of g and 6?
3
Let b(z) = -658*z**3 + 3*z**2 - z - 2. Let l be b(-1). Let a be (4/(-6))/(((-25)/l)/(-5)). Let y = -76 - a. What is the highest common factor of 3 and y?
3
Suppose -1042*x = 2*t - 1043*x - 989, 2*x = -t + 482. What is the highest common factor of 36 and t?
12
Suppose 3*u - 7*u + 188 = 0. Suppose -s - 7267 = -14*s. Suppose 0*a = 3*t - a - s, -5*a = 5*t - 965. Calculate the highest common divisor of u and t.
47
Let v(r) = 2*r**3 - 2*r**2 - 22*r - 10. Let x be v(5). Suppose -9 = 2*q + 15. Let d be (-24)/(-9)*q/(-1). What is the greatest common factor of x and d?
16
Suppose 0 = -39*x + 1564 + 269. Suppose 49*a = x*a + 28. Let d = -133 + 231. Calculate the greatest common factor of d and a.
14
Suppose -2*g + 50 + 80 = 0. Let h = g - 44. Suppose 3*i - 3*w = 9, w - h = -i - i. What is the greatest common factor of i and 56?
8
Let f = -2643 - -2758. What is the highest common factor of f and 1104?
23
Suppose -2*s = 1121 - 1157. Let f be (-42)/(-7) - 1110/(-1). Calculate the highest common divisor of s and f.
18
Suppose 2*j - 50 = -3*u, 3*u = -4*j - 267 + 313. Calculate the highest common divisor of 10953 and u.
9
Let z(o) = 2*o**2 - 177*o - 78. Let m be z(89). What is the greatest common factor of m and 11286?
11
Suppose 3*z - 659 = -2*k, 5*z + 23*k - 19*k = 1101. Calculate the greatest common divisor of z and 93.
31
Let f(h) = -2*h + 64. Let x be f(13). Suppose -3*a = 4*j - 71, -2*j - 4*a = -0*a - x. Calculate the greatest common divisor of j and 221.
17
Let w(u) = -u**2 + 12*u + 9. Suppose 2*z - 15 = -y, 3 - 1 = z - 5*y. Let k be w(z). What is the highest common factor of k and 66?
22
Let c(g) = -g. Let j(d) = -308*d - 7. Let v(z) = 2*c(z) - j(z). Let x be v(3). Let u be (2 + 5)*(-5 + x/35). What is the greatest common factor of 60 and u?
30
Let y(u) = -u**3 + 10*u**2 - u + 11. Let a be y(7). Let t(l) = a*l - 149*l + 11 + 20. Let v be t(7). Calculate the greatest common factor of 5 and v.
5
Let h = -414 + 21. Let c = -371 - h. What is the highest common factor of c and 66?
22
Suppose 3176 = 64*x - 152. What is the highest common divisor of x and 24076?
52
